e c(-3). Suppose 0*b = 4*b + 16. Let x = b + t. What is the units digit of x?
2
Let y(w) = -w + 2. Suppose g = -5*n - 30, 2*n - 5*n = -3*g + 18. What is the units digit of y(n)?
8
What is the units digit of (-10)/35 - 111/(-21)?
5
Let s(r) = r**3 - 10*r**2 - 10*r - 8. Let f be s(11). Suppose -10 + f = -w - p, w + 3*p - 3 = 0. What is the units digit of w?
9
Suppose 5*x - 940 - 150 = 0. What is the units digit of x?
8
Let y(m) = -m**3 - 6*m**2 - m - 8. Let w be y(-6). Let f be (w + 1)*-6 - 0. Suppose -h + f = 2*h. What is the units digit of h?
2
Suppose 5*t = -15, 0 = 3*v - 3*t + 5*t - 30. What is the units digit of v?
2
Let s(c) = -c + 144. What is the hundreds digit of s(-28)?
1
Suppose 3 = -4*x + l, -5*x + 3*l - 2*l = 3. Suppose 4*p + x*p = 0. Suppose 0 = -p*a + a - 5. What is the units digit of a?
5
Let c = 83 + -46. Suppose -3*z - 1 + 34 = 3*l, 0 = 3*l - z - c. Suppose -2 = 2*i - l. What is the units digit of i?
5
Let l(s) = 1. Let h(p) = p**3 - 3*p**2 - 2*p + 1. Let d(b) = -h(b) - 2*l(b). Let g be d(3). What is the units digit of 1*11 - (5 - g)?
9
Let q(m) = m**3 - 3*m**2 + 14. What is the units digit of q(8)?
4
Suppose 2*h - 4*h = -16. Let k = 8 - h. Suppose -2*l + 34 = -k*l. What is the units digit of l?
7
Suppose -4*s = -9*s - 5. Let j be (-3*(-24)/9)/s. What is the units digit of 0 - 2 - (j - 0)?
6
Let g = -9 + 4. Let o(a) = 4*a**3 + 9*a**2 + 9*a + 1. Let l(k) = 7*k**3 + 17*k**2 + 17*k + 3. Let d(w) = -3*l(w) + 5*o(w). What is the units digit of d(g)?
1
Let w(g) = g**2 - 7*g + 1. Let p be w(8). Let d = p - -1. What is the tens digit of d?
1
Let s(h) = -h**3 - 4*h**2 + 4*h - 21. What is the units digit of s(-7)?
8
What is the units digit of (-4)/8*4/1 + 99?
7
Suppose 2*u - 8 = 54. Suppose -5*g + u = -9. Let q(v) = v - 7. What is the units digit of q(g)?
1
Let h(r) = r. Let f be h(1). Let w(t) = 3*t - 4*t - f + 6*t. What is the units digit of w(1)?
4
Let k be (3/2)/(15/20). Let j = k - 2. What is the units digit of 0 - (2 + j + -10)?
8
Let y = -67 - -139. What is the tens digit of y?
7
Let p(t) = 4*t**2 - 2*t + 4. Let a be p(3). Let i(d) = -23*d - 2. Let s be i(-1). Let b = a - s. What is the tens digit of b?
1
Let m(s) = -s**2 + 7*s - 6. Suppose 3*a - 7 = 5. Let j be m(a). Suppose y - 4*y + 5*z = 4, -j = 2*y - 5*z. What is the units digit of y?
2
What is the units digit of -3 - (-1)/(4/48)?
9
Suppose 3*n = 19 - 1. Let w = 4 - n. What is the units digit of (1 + w)*(0 + -1)?
1
Let n(c) be the third derivative of -c**6/120 + c**5/5 + c**3/2 - c**2. What is the units digit of n(12)?
3
Let j = 44 - 22. Let n be ((-14)/8)/(1/(-8)). Let c = j - n. What is the units digit of c?
8
Suppose 0 = -4*v - 4*z - 56, 3*z - 110 = 5*v - 0*z. What is the units digit of (-1)/(-2)*2 - v?
0
Let z be (-1 - -3)*-1 - -1. Let g = z + 7. Suppose -i + g = -8. What is the tens digit of i?
1
Let p(t) = -2*t + 1. Let v be p(-2). Suppose -3*m - v + 73 = -u, -3*u = -4*m + 94. What is the units digit of m?
2
Let o = -4 + 4. Suppose 5*h + 70 = -o*h. What is the tens digit of 2/7 - 262/h?
1
Let i(f) = 2*f**3 + f**2 + 5*f - 4. What is the tens digit of i(2)?
2
Let v = 56 - 29. What is the units digit of v?
7
Suppose 5*r - u = 184, 0*r + 4*r + 2*u - 150 = 0. What is the tens digit of r?
3
Suppose 4*a - 12 = 2*g - 3*g, 4*g = -16. Suppose 2*f = -2*n + 4, -f + a*n + 10 = -2. What is the units digit of f?
4
Let n be (-2 + 109)*(-1 + 2). Let y = n + -67. What is the units digit of y?
0
Let g(c) = -5*c - 4. Suppose 5*j + 15 = -4*q, -j - 27 = -3*j + 5*q. Suppose u = -3*a + 2 + j, 0 = -u - a - 1. What is the units digit of g(u)?
1
What is the units digit of (2 - (4 - 4))*15?
0
Suppose 4 + 11 = 3*y. Let g = 2 - y. What is the units digit of 56/6 + 1/g?
9
Let y(v) = 2*v**2 - 5*v + 4. Let t be y(4). What is the units digit of 45/(-18)*t/(-10)?
4
Let n be (-1 + 2)/((-1)/(-3)). Suppose -n*p = 2*s - 33, -5*p - 5*s = -13 - 42. What is the tens digit of p?
1
Let a(s) = s**3 + 6*s**2 - 4*s - 6. Suppose -5 - 7 = 2*h. Let q be a(h). What is the units digit of q/27 + 1/3?
1
Let m = -4 + 2. Suppose -2*s = -5*s + 9. Let t = m + s. What is the units digit of t?
1
What is the units digit of 3872/80 - (-4)/(-10)?
8
Let s(v) = 15*v - 1. What is the tens digit of s(1)?
1
Let d(o) = o**2 - 6*o - 6. Let i be d(7). Let a = 7 - i. Let v = a - 3. What is the units digit of v?
3
Suppose 0 = 5*p - 168 - 7. What is the tens digit of p?
3
Let b be -5 + (-6)/(-2) + 17. Suppose 155 = 5*w - b. Suppose 4*n = 5 + 3, -w = -3*m - 2*n. What is the tens digit of m?
1
Let o(v) = 2*v**2 + 6*v - 7. Let h be o(-5). Suppose -5*y - 1 - 14 = 0. Let c = y + h. What is the tens digit of c?
1
Let q(k) = -9*k**2 - 2*k + 15. Let d(p) = -5*p**2 - p + 8. Let l(g) = -11*d(g) + 6*q(g). What is the units digit of l(3)?
8
Let r(o) = -7*o - 5 + 8 + 3 + o**3. What is the units digit of r(4)?
2
Suppose 0 = -4*f + 20 + 64. What is the tens digit of f?
2
Let u(q) = 16*q**2 - 3*q + 2. What is the hundreds digit of u(-4)?
2
Let g = 1 + 25. What is the units digit of g?
6
What is the units digit of 10/25 + 83/5?
7
Let f(d) be the third derivative of d**6/120 + d**5/15 - 5*d**4/24 + d**3/3 - 3*d**2. What is the tens digit of f(-4)?
2
Let z(n) = 12*n**2 - 1. What is the tens digit of z(2)?
4
Let m(h) = 3*h**3 - 12*h**2 - 9*h - 1. Let r(p) = -2*p**3 + 11*p**2 + 9*p + 1. Let j(n) = 3*m(n) + 4*r(n). What is the tens digit of j(-6)?
1
Let m be 0 - (-1 + -1)*2. Suppose 4*g + 4*c = 196, -m*g + g - 5*c = -139. Suppose -f + 2*h - 2 + 25 = 0, 0 = -3*f + 2*h + g. What is the units digit of f?
5
Let k = 6 - 3. Suppose 0*t - k*t = 30. What is the units digit of t/4*(0 - 2)?
5
Let p(z) = z + 5. Let u be p(-5). Let q(f) = f + 3. What is the units digit of q(u)?
3
Suppose 41 + 29 = c. Suppose -z + c = 4*z. What is the tens digit of z?
1
Let p(d) = d**2 + 5*d - 8. Let i be p(-7). Let g be (-8)/(-12) + (-64)/i. Let a = -6 - g. What is the units digit of a?
4
Suppose -4*j = c - 8*j + 17, -2*j = c - 7. Suppose 0 = -2*i - 3*a - 7, -3*i + 2*a + 18 = -3*a. What is the units digit of c*3*(i - 2)?
3
Let g = 17 + -12. Let s(z) = -6*z - g*z + 8 + 7 - z + z**2. What is the units digit of s(11)?
4
Let t(c) = c**2 + 2*c + 1. Let z = -11 + 16. Let v(j) = j - 9. Let m be v(z). What is the units digit of t(m)?
9
Suppose 0 = -2*k + 5 + 3. Suppose 0*n = k*n. Suppose -5*d + 0*d + 15 = n. What is the units digit of d?
3
Suppose -2*u + 43 = 7. What is the units digit of (8 + -7)/(1/u)?
8
Suppose 4*l = -0*l + 44. Let h = -1 + l. What is the units digit of ((-15)/h)/((-1)/2)?
3
Let y be ((-1 - -1) + 2)*2. Suppose h - 5*h = 3*s + 11, -y*s = 3*h + 3. What is the units digit of ((-2)/s)/((-4)/66)?
1
Let y = 4 - 6. Let g be 1 - (-3 - y)/(-1). Suppose 2*a - 2 + g = 0. What is the units digit of a?
1
Suppose -6 = 3*p - 333. What is the units digit of p?
9
Let v(s) be the first derivative of 14*s**3/3 + s - 3. What is the tens digit of v(-1)?
1
Let g = 5 - 8. What is the units digit of 5/((-20)/(-6) + g)?
5
Suppose 2*q - 86 = -28. Suppose 3*d = 43 + q. What is the units digit of d?
4
Suppose 2*f - 49 = 137. Suppose -7*q = -10*q + f. What is the tens digit of q?
3
Let n be (-12)/(-18) + (-2)/(-6). Let w(g) = 12*g**2 + 1. What is the units digit of w(n)?
3
Let a = -6 - -3. What is the tens digit of 1/a + 208/12?
1
Suppose -2*m = -3*m + 4*p + 1, -5*p + 10 = 0. Suppose -u = -1 - m. What is the units digit of u?
0
Let b be (-4)/(-22) + 336/(-33). Let t = b - -10. Suppose 0*g - g + 2 = t. What is the units digit of g?
2
Let m = 4 + 6. What is the units digit of m?
0
Let q(t) = -5*t - 66. What is the units digit of q(-14)?
4
Suppose 2*r = 18 - 0. What is the units digit of r?
9
What is the units digit of ((-9)/(-2) + -2)*36?
0
Suppose -g = 2*g + 666. Let m be g/24 + 2/8. Let n = m - -17. What is the units digit of n?
8
Let n(q) = -2*q + 1. Let o be n(-1). What is the units digit of (-111)/(-15) + o/5?
8
Let z(a) = a**2 + 5*a - 6. Let h be z(-6). Suppose 5*c + d - 55 = h, 4*c - 73 = 5*d - 0*d. What is the units digit of c?
2
Let z(t) be the second derivative of -t**5/60 + t**4/3 + 4*t**3/3 - t**2 - t. Let m(j) be the first derivative of z(j). What is the units digit of m(8)?
8
Suppose 4*u = -2 - 2. Let y be (u/3 + 1)*36. Let h = -17 + y. What is the units digit of h?
7
Let n(k) be the second d